
6
Let b(n) = 28*n. Let x = 1897 - 1896. Give b(x).
28
Let m(a) = 6*a - 8. Let p = -1263 + 1271. Determine m(p).
40
Let t(l) be the second derivative of -1/3*l**3 - 3/2*l**2 + 0 + 1/2*l**4 + 2*l + 1/20*l**5. Calculate t(-6).
9
Let i(v) = -3*v + 1. Suppose 3*f + 13 = -10*f. Determine i(f).
4
Suppose 10*x - 36 = 11*x. Let v be (x/(-27))/(4/9). Let o(b) = -13*b - 12*b - v + 24*b. What is o(-4)?
1
Let t(l) = -7*l. Let c(f) = -f**2 + 2*f + 19. Let p be c(5). Suppose p*k - 8 = -0*a - a, 3*k - 15 = -3*a. Determine t(k).
-7
Let x = 9 - 5. Let r(f) be the third derivative of 1/120*f**6 + 0 + 1/12*f**4 + 22*f**2 + 1/6*f**3 + 0*f - 1/12*f**5. Give r(x).
-7
Let f(q) = 2*q**2 - 6*q + 1. Let g(m) = -m**3 - 2*m**2 + 4*m + 6. Let o be g(0). Determine f(o).
37
Let s(c) = c + 3. Suppose 4*a + 2*r + 70 = -a, -58 = 4*a + 2*r. Calculate s(a).
-9
Let n(z) = 46*z - 2 + 53*z + 54*z + 2*z**2 + 50*z - 196*z. Determine n(-4).
2
Let s(j) = 7*j + 17. Let v(p) = -5*p - 18. Let w(h) = 3*s(h) + 4*v(h). Give w(21).
0
Let t(b) = b**3 - 30*b**2 + 49*b + 202. Let j be t(28). Let u(s) = s + 4. Let f be u(-3). Let p(z) = -6 - 1 + 3*z - f. Give p(j).
10
Let k(o) be the second derivative of -o**3/6 + 5*o**2/2 + 44*o. Determine k(9).
-4
Let i(k) = -3*k + 2. Let n(j) = j**3 + 4*j**2 - 5. Let y be n(-3). Let m(x) = 3*x - 6. Let a be m(y). Determine i(a).
-16
Let n(c) be the first derivative of c**3/3 - 3*c**2/2 + 12*c + 8. Let t(y) be the first derivative of n(y). What is t(-3)?
-9
Let m(s) be the second derivative of -s**4/12 + 5*s**3/6 + 2*s. Let i = -418 + 424. Give m(i).
-6
Suppose 0 - 3 = -o. Let y(p) = -3*p + 6 + 6*p - 4*p - o*p. Suppose -3*h = -8*h + 30. Determine y(h).
-18
Let s = 0 - -4. Let m(b) be the second derivative of b**5/20 - b**4/3 + b**3/2 - b**2 - 32*b. Determine m(s).
10
Let m(d) be the second derivative of d**5/5 + d**4/6 - d**3/6 - d**2 - 433*d. Calculate m(-1).
-3
Let d = 149/10 + -57/5. Let t(j) be the first derivative of -3*j - 1/3*j**3 - 14 + d*j**2. Calculate t(7).
-3
Let i(s) = -s**2 + 2*s - 2. Suppose 3*h - 85 = 20*h. What is i(h)?
-37
Let g(z) be the third derivative of 1/120*z**6 + 14*z**2 + 0*z + 0*z**4 - 1/6*z**3 + 0 + 1/30*z**5. Give g(-2).
-1
Let o(t) = 5*t + 2. Suppose 3*i + 4*i - 21 = 0. Suppose -s - 3*s + 2*j + 4 = 0, i*s + 4*j = 14. Determine o(s).
12
Let b(m) = -13*m - 8*m**2 + 0*m**2 + 7*m**2 + 0*m**2 + 13. What is b(-13)?
13
Let p(w) be the second derivative of 2*w + 0 + 1/3*w**3 - 1/12*w**4 + 5/2*w**2. Suppose -97*b + 488 - 100 = 0. What is p(b)?
-3
Let s(u) = 0 - 4 + 1739*u + 3 - 1775*u. Determine s(1).
-37
Let g be (-48)/(5 - -1) + -5. Let v(m) = -m**2 - 11*m + 17. What is v(g)?
-9
Let d(v) be the second derivative of v**5/20 + 7*v**4/6 - 8*v**3/3 - 10*v**2 + 44*v + 1. What is d(-15)?
-5
Let l(t) = -t**2 - t. Let z(d) = d**3 + 4*d**2 + 2*d - 6. Suppose 0 = 2*f + 5*i - 4, -4*i + 3*i = 5*f + 13. Let h be z(f). Determine l(h).
-6
Let f(b) = b - 13. Let j = 77 - 68. Let k be f(j). Let m(h) = h + 2. Calculate m(k).
-2
Let q(u) be the second derivative of -u**4/3 - u**3/2 - u**2 + 2*u - 74. Calculate q(-2).
-12
Let l = -59 - -70. Let b(q) = 9*q - 3 + 6*q + 5*q**2 - l*q - q**3. What is b(6)?
-15
Let d(f) be the first derivative of f**4/4 + 7*f**3/3 - 3*f**2/2 - 5*f - 439. Calculate d(-8).
-45
Let v(g) = g**2 + g - 5. Let m(r) = -47 - 42 - r + 77. Let d be m(-12). Determine v(d).
-5
Let s(y) = 2*y**2 - 59*y + 27. Let x be s(29). Let l(i) = -3*i**2 - 1. Let u(r) = r**2 + r. Let d(c) = l(c) + 4*u(c). Calculate d(x).
-5
Let t(f) = f - 6. Let d = -212 - -215. What is t(d)?
-3
Let s(v) = -v + 12. Let h be s(10). Let f(c) be the first derivative of 5/2*c**2 - 1 + h*c. Give f(2).
12
Let v be 21*(-2)/(-54) + (-2)/18. Let n(m) be the second derivative of 4*m - v*m**4 - 1/3*m**3 + 0 + 1/2*m**2. What is n(1)?
-9
Let w(b) = -b + 27. Let c be w(11). Let d be c/(-64) + 5/4. Let u(l) = -3*l**3 - 1. Let p(k) = k**3 - k - 1. Let j(x) = d*u(x) - 2*p(x). Calculate j(-1).
4
Let f(g) = 7*g**2 + 9*g - 4. Let q(r) = 4*r**2 + 4*r - 2. Let d(w) = -3*f(w) + 5*q(w). Let v be (-112)/18 - (-10 - (-880)/90). Give d(v).
8
Let z be 8/3 + 8/(-168)*-7. Let f(n) = -5*n**2 + 12*n + 12*n**2 - 20*n + 0*n**3 + 2 + n**z. Calculate f(-8).
2
Suppose -2*u - 2*f = -0*f + 10, 0 = -2*u - 4*f - 20. Let k be u + (-20 - -3) + 2. Let y = 9 + k. Let x(n) = n + 8. Calculate x(y).
2
Let a(v) = -v**2 + v + 1. Let s(q) = 7*q**2 - 9*q - 1. Let i(t) = t**2. Let k(m) = 2*i(m) - s(m). Let z(g) = -4*a(g) + k(g). What is z(3)?
3
Let d(k) be the third derivative of k**6/120 - 3*k**5/20 - k**4/24 + k**3/3 + 212*k**2 - 2*k. Let s = 2 + -3. Let r be 4/3*6 - s. Calculate d(r).
-7
Let v be (-4)/(1 + 0) - 1. Let i = v + 1. Let o(k) be the third derivative of -k**4/6 - k**3/2 - 2*k**2. Give o(i).
13
Let z(x) = -x**3 - 15*x**2 + 2*x + 21. Let c be 9 - (-37)/((-185)/120). Determine z(c).
-9
Let x(t) = 6*t + 4. Let q(j) = 24 - 16 - 7. Let r(h) = -3*q(h) + x(h). Determine r(-2).
-11
Let v(z) = z + 8. Let m = -36 - -34. Let b(q) = -q - 10. Let i(j) = m*b(j) - 3*v(j). Calculate i(-9).
5
Let w(r) be the third derivative of r**6/120 - 2*r**5/15 + r**4/24 - r**3/3 - 100*r**2. Suppose 7 = -o + 4*p, o = -4*p + p + 14. Let g = o - -3. Calculate w(g).
6
Let x(t) = 5*t**2 + t**3 - t + 9 + 0*t**2 - 14*t**2. Calculate x(9).
0
Suppose 2*a - 27 - 183 = 0. Let p(u) = -4 + 52*u - a*u + 52*u. Let n be p(-4). Let f(j) = j - 1. Give f(n).
-1
Let o(z) = -z**2 - 4*z + 5. Let v(i) = 8*i**2 - 3*i - 7. Let b be v(-3). Let c = b + -78. What is o(c)?
5
Let i(x) = x**2 - 6*x + 9. Let v(w) = w**2 - 3*w - 2. Let j(a) = -a. Let o(b) = -j(b) + v(b). Let k be o(-2). Give i(k).
9
Let h(g) = 2*g**2 + 9*g. Suppose 10*y = -0*y - 50. What is h(y)?
5
Let i(u) be the third derivative of u**6/120 - u**5/20 - u**4/24 - u**3/6 - u**2. Suppose -15*h = -44*h + 87. Determine i(h).
-4
Suppose 2*a + 31 = 4*b + 5*a, -3*b - 13 = -5*a. Let v(y) = -6*y - 5. Let r(x) = -2 - 2 + 2*x + 0*x + 6. Let m(w) = 11*r(w) + 4*v(w). Calculate m(b).
-6
Let k(b) = -b**2 - 2*b + 1. Let l(f) = -7*f**2 + 4*f - 10. Let q(s) = -6*k(s) + l(s). What is q(15)?
-1
Suppose 3*d - 2 = -4*u + d, 0 = 5*u + 3*d - 2. Let s = -11 + 15. Let k(o) = -4 + s + 0 + 5*o. Give k(u).
5
Let b(z) = -z**3 + 4*z**2 - 2*z + 2. Let s(a) = 27*a + 3. Let m be s(0). Calculate b(m).
5
Let h(i) = i**2 - 9*i + 7. Let j be h(8). Let k(a) = -12*a**2 - 3*a. Let o(u) = 18*u**2 + 4*u. Let l(g) = 7*k(g) + 5*o(g). Give l(j).
7
Let s(x) be the third derivative of x**5/60 + 3*x**4/8 + 4*x**3/3 + 144*x**2. Give s(-8).
0
Let a(b) = -6*b - 2*b + 5*b. Let j(c) = c**3 + 4*c**2 + 3*c + 4. Let x be (-8)/36 + (-25)/9. Let v be j(x). Determine a(v).
-12
Let f(m) = -3*m**3 + 2*m**3 - 3 - 7*m**2 + 3*m - 10*m. Let o = 3059 - 3065. Determine f(o).
3
Let x(d) be the third derivative of 0*d + 14*d**2 - 1/6*d**3 + 0 + 1/15*d**5 - 1/24*d**4. Give x(-1).
4
Let d(t) be the first derivative of -6*t - 3 - 1/2*t**2. What is d(0)?
-6
Let t(w) be the second derivative of w**8/6720 - w**7/504 - w**6/144 + w**5/15 + w**4 - 10*w. Let l(f) be the third derivative of t(f). Determine l(6).
14
Let k(p) = -6*p - 58. Let q(z) = -7. Let u(n) = -k(n) + 8*q(n). Calculate u(1).
8
Let x(o) be the second derivative of 1/6*o**3 + 0 - 15/2*o**2 + 43*o. What is x(8)?
-7
Let w(f) = -f - 4. Let v be w(-6). Let y(h) = -1 + v - 9*h + 2*h. Give y(1).
-6
Let i(m) = 4*m**2 + m - 1. Let j be i(-1). Let p(o) = -4*o**2 - 3*o**2 + 4*o**2 + 4*o**j - 4 + 6*o. Let d(r) = -3*r**2 + 2*r + 1. Let t be d(-1). Give p(t).
-12
Let k(f) = 0 + 2 - f**2 - 4*f - 15*f**3 + 4*f**3 + 10*f**3 + 2. What is k(3)?
-44
Let q(b) = -b**2 + 26*b + 23. Let f be (-6)/42 - 3040/(-112). Give q(f).
-4
Let t(c) = 3*c**3 + 7*c**2 - c - 6. Let o(s) = 4*s**3 + 7*s**2 - 6. Let n(d) = -2*o(d) + 3*t(d). Give n(-7).
15
Suppose 135*z = 133*z + 2. Let c(l) = 8*l + 4. Give c(z).
12
Let c(v) = -4 - 2*v**2 + 3*v**2 - 5*v + 6. Let j(p) = -p**3 + p**2 + p. Let g be j(0). Suppose 3*y = k - 17, g = 2*k - 3*y - 13 - 9. What is c(k)?
2
Let r(m) = 8*m + 4*m**2 + m**3 - 45*m + 15*m + 11*m. Give r(-6).
-6
Let a(o) be the second derivative of 0 + 26*o + 1/6*o**3 + o**2. Determine a(5).
7
Let b(g) = 4*g - 4 - 52*g**2 - 58*g**2 + 109*g**2. Give b(3).
-1
Let j(h) = -2079 - 2087 + 4158 - 5*h + 3*h. Let s(k) = -k**3 - k**2 - 6. Let y 